{"id":405,"date":"2026-01-14T11:06:55","date_gmt":"2026-01-14T10:06:55","guid":{"rendered":"https:\/\/infosel.ulis.fr\/?page_id=405"},"modified":"2026-04-03T11:36:08","modified_gmt":"2026-04-03T09:36:08","slug":"reconditionnement","status":"publish","type":"page","link":"https:\/\/infosel.ulis.fr\/?page_id=405","title":{"rendered":"Reconditionnement"},"content":{"rendered":"\t\t<div data-elementor-type=\"wp-page\" data-elementor-id=\"405\" class=\"elementor elementor-405\">\n\t\t\t\t<div class=\"elementor-element elementor-element-5763efc e-flex e-con-boxed e-con e-parent\" data-id=\"5763efc\" data-element_type=\"container\" data-e-type=\"container\" data-settings=\"{&quot;background_background&quot;:&quot;classic&quot;}\">\n\t\t\t\t\t<div class=\"e-con-inner\">\n\t\t\t\t<div class=\"elementor-element elementor-element-d1bfd8d elementor-widget elementor-widget-heading\" data-id=\"d1bfd8d\" data-element_type=\"widget\" data-e-type=\"widget\" data-widget_type=\"heading.default\">\n\t\t\t\t\t<h1 class=\"elementor-heading-title elementor-size-default\">Reconditionnement<\/h1>\t\t\t\t<\/div>\n\t\t\t\t\t<\/div>\n\t\t\t\t<\/div>\n\t\t<div class=\"elementor-element elementor-element-674e1aa e-flex e-con-boxed e-con e-parent\" data-id=\"674e1aa\" data-element_type=\"container\" data-e-type=\"container\">\n\t\t\t\t\t<div class=\"e-con-inner\">\n\t\t\t\t<div class=\"elementor-element elementor-element-a20cf81 elementor-widget elementor-widget-text-editor\" data-id=\"a20cf81\" data-element_type=\"widget\" data-e-type=\"widget\" data-widget_type=\"text-editor.default\">\n\t\t\t\t\t\t\t\t\t<p><span style=\"font-family: Liberation Sans, sans-serif;\">Nous effectuons un <strong>tri<\/strong> et un contr\u00f4le pour nous assurer que le mat\u00e9riel est d\u2019une qualit\u00e9 suffisante pour \u00eatre reconditionn\u00e9. Tout mat\u00e9riel inutilisable est <strong>recycl\u00e9<\/strong>\u00a0: nous collaborons avec l\u2019\u00e9co-organisme partenaire <strong>Ecologic<\/strong>, avec qui nous sommes conventionn\u00e9s. Ils assurent une prise en charge et un traitement des d\u00e9chets qui respecte la r\u00e9glementation environnementale en vigueur.<\/span><\/p><p><span style=\"font-family: Liberation Sans, sans-serif;\">Nous nous assurons ensuite de la <strong>suppression totale des donn\u00e9es<\/strong> pr\u00e9sentes sur l\u2019ordinateur avant son reconditionnement (sur devis). Sur demande, nous pouvons fournir un certificat attestant de cet acte. Pour les entreprises ou collectivit\u00e9s, nous pouvons aussi d\u00e9monter les disques durs sur place et les remettre en mains propres.<\/span><\/p><p><span style=\"font-family: Liberation Sans, sans-serif;\">Une fois l\u2019ordinateur nettoy\u00e9 \u00e0 l\u2019int\u00e9rieur comme \u00e0 l\u2019ext\u00e9rieur, nous installons un <strong>syst\u00e8me d\u2019exploitation<\/strong> et plusieurs <strong>gratuiciels<\/strong> pour que l\u2019ordinateur soit <strong>pr\u00eat \u00e0 l\u2019emploi<\/strong> d\u00e8s sa r\u00e9ception.<\/span><\/p><p><span style=\"font-family: Liberation Sans, sans-serif;\">Le mat\u00e9riel est ensuite <strong>r\u00e9f\u00e9renc\u00e9<\/strong> et <strong>stock\u00e9<\/strong> dans notre atelier dans l\u2019attente de sa remise en circulation. Il sera <strong>donn\u00e9<\/strong> \u00e0 un b\u00e9n\u00e9ficiaire de la m\u00e9tropole ou bien <strong>vendu \u00e0 prix solidaire<\/strong>.<\/span><\/p>\t\t\t\t\t\t\t\t<\/div>\n\t\t\t\t\t<\/div>\n\t\t\t\t<\/div>\n\t\t\t\t<\/div>\n\t\t","protected":false},"excerpt":{"rendered":"<p>Reconditionnement Nous effectuons un tri et un contr\u00f4le pour nous assurer que le mat\u00e9riel est d\u2019une qualit\u00e9 suffisante pour \u00eatre [&hellip;]<\/p>\n","protected":false},"author":2,"featured_media":0,"parent":0,"menu_order":0,"comment_status":"closed","ping_status":"closed","template":"","meta":{"site-sidebar-layout":"no-sidebar","site-content-layout":"","ast-site-content-layout":"full-width-container","site-content-style":"default","site-sidebar-style":"default","ast-global-header-display":"","ast-banner-title-visibility":"","ast-main-header-display":"","ast-hfb-above-header-display":"","ast-hfb-below-header-display":"","ast-hfb-mobile-header-display":"","site-post-title":"","ast-breadcrumbs-content":"","ast-featured-img":"disabled","footer-sml-layout":"","ast-disable-related-posts":"","theme-transparent-header-meta":"","adv-header-id-meta":"","stick-header-meta":"","header-above-stick-meta":"","header-main-stick-meta":"","header-below-stick-meta":"","astra-migrate-meta-layouts":"default","ast-page-background-enabled":"default","ast-page-background-meta":{"desktop":{"background-color":"var(--ast-global-color-4)","background-image":"","background-repeat":"repeat","background-position":"center center","background-size":"auto","background-attachment":"scroll","background-type":"","background-media":"","overlay-type":"","overlay-color":"","overlay-opacity":"","overlay-gradient":""},"tablet":{"background-color":"","background-image":"","background-repeat":"repeat","background-position":"center center","background-size":"auto","background-attachment":"scroll","background-type":"","background-media":"","overlay-type":"","overlay-color":"","overlay-opacity":"","overlay-gradient":""},"mobile":{"background-color":"","background-image":"","background-repeat":"repeat","background-position":"center center","background-size":"auto","background-attachment":"scroll","background-type":"","background-media":"","overlay-type":"","overlay-color":"","overlay-opacity":"","overlay-gradient":""}},"ast-content-background-meta":{"desktop":{"background-color":"var(--ast-global-color-5)","background-image":"","background-repeat":"repeat","background-position":"center center","background-size":"auto","background-attachment":"scroll","background-type":"","background-media":"","overlay-type":"","overlay-color":"","overlay-opacity":"","overlay-gradient":""},"tablet":{"background-color":"var(--ast-global-color-5)","background-image":"","background-repeat":"repeat","background-position":"center center","background-size":"auto","background-attachment":"scroll","background-type":"","background-media":"","overlay-type":"","overlay-color":"","overlay-opacity":"","overlay-gradient":""},"mobile":{"background-color":"var(--ast-global-color-5)","background-image":"","background-repeat":"repeat","background-position":"center center","background-size":"auto","background-attachment":"scroll","background-type":"","background-media":"","overlay-type":"","overlay-color":"","overlay-opacity":"","overlay-gradient":""}},"footnotes":""},"class_list":["post-405","page","type-page","status-publish","hentry"],"_links":{"self":[{"href":"https:\/\/infosel.ulis.fr\/index.php?rest_route=\/wp\/v2\/pages\/405","targetHints":{"allow":["GET"]}}],"collection":[{"href":"https:\/\/infosel.ulis.fr\/index.php?rest_route=\/wp\/v2\/pages"}],"about":[{"href":"https:\/\/infosel.ulis.fr\/index.php?rest_route=\/wp\/v2\/types\/page"}],"author":[{"embeddable":true,"href":"https:\/\/infosel.ulis.fr\/index.php?rest_route=\/wp\/v2\/users\/2"}],"replies":[{"embeddable":true,"href":"https:\/\/infosel.ulis.fr\/index.php?rest_route=%2Fwp%2Fv2%2Fcomments&post=405"}],"version-history":[{"count":16,"href":"https:\/\/infosel.ulis.fr\/index.php?rest_route=\/wp\/v2\/pages\/405\/revisions"}],"predecessor-version":[{"id":542,"href":"https:\/\/infosel.ulis.fr\/index.php?rest_route=\/wp\/v2\/pages\/405\/revisions\/542"}],"wp:attachment":[{"href":"https:\/\/infosel.ulis.fr\/index.php?rest_route=%2Fwp%2Fv2%2Fmedia&parent=405"}],"curies":[{"name":"wp","href":"https:\/\/api.w.org\/{rel}","templated":true}]}}